 a + 14. What is the tens digit of j?
4
Let h be 0 - 2/1 - -5. Let i(s) = 3*s - 8. Let q be i(h). What is the tens digit of 40/1 + 2*q?
4
Let x be (-376)/(-6)*(-18)/(-4). Let q = -180 + x. What is the tens digit of q?
0
Let r = 1075 + -667. What is the tens digit of r?
0
Let a(j) = -8*j - 6. Let z be a(-8). Let h = -35 + z. What is the units digit of h?
3
Let c(s) = s**3 + 15*s**2 + 7*s. Suppose -7*t + 2*t - 70 = 0. What is the units digit of c(t)?
8
Let r = 270 + -154. Let m = 89 + r. What is the units digit of m?
5
Let x = 457 - 356. What is the units digit of x?
1
What is the hundreds digit of 2466/2 + (6 - -1)?
2
Suppose -3*q = -3*m - 350 + 2693, -3*m + 2363 = q. What is the units digit of m?
6
Suppose 2*t + h - 140 = 579, -1793 = -5*t + 2*h. What is the units digit of t?
9
Let y = 1108 - 726. What is the hundreds digit of y?
3
Let c = 10 + -28. Let d(h) = h**3 - 3*h**2 - 5*h - 3. Let a be d(-3). Let r = c - a. What is the units digit of r?
4
Let y(i) = -4 + 466*i + 0 - 482*i. What is the tens digit of y(-3)?
4
Let u(f) = -10*f + 6. Suppose -2*m - 34 = 4*l, 0 = -0*l + 5*l - m + 46. What is the units digit of u(l)?
6
Suppose 33 - 49 = -4*r, -3*n = 5*r - 9332. What is the tens digit of n?
0
Let z = 560 - 330. What is the units digit of z?
0
Let h be -1 + 0 - -2 - 23. Let v be (-4)/(-16) - h/8. Let k = 13 - v. What is the tens digit of k?
1
Suppose 0 = 4*c + 5*u - 660, 0*u + 495 = 3*c + 4*u. Suppose 11 = -h - 4*j, -5*j + 4 = 5*h - 1. Suppose -h*t = -0*t - c. What is the units digit of t?
3
Suppose -3*t + 2 + 1 = 0. Let p be 0*t/4 + -8. Let l = 14 + p. What is the units digit of l?
6
Let j = 50 + -103. What is the tens digit of -5*2*1/5 - j?
5
Let v(j) = 11*j**2 + 7*j - 4. Let i be v(3). Let k = i - 63. What is the units digit of k?
3
Let d be 318*11/(132/16). Suppose -5*l + 16 + d = 0. What is the tens digit of l?
8
Suppose -5*c + 3 = -32. Let b be (-8)/(-28) - (-12)/c. Suppose 0 = 2*m - b - 2. What is the units digit of m?
2
Let b be (-2)/(3 - 28/8). Suppose l = b*d - 39, -2*l + 3*d - 44 - 19 = 0. What is the tens digit of 6/l + 730/45?
1
Let g(p) = -p**3 + 9*p**2 + 11*p - 6. Let t be g(10). Suppose 6 = -3*c - t*b, -c + 0*b + 3*b = 2. Let j(w) = -13*w - 2. What is the units digit of j(c)?
4
Let f be (-6 + 1)*(-3)/5. Suppose 0*l - 561 = -3*l + f*j, 5*j - 965 = -5*l. What is the units digit of l?
0
Let h = -42 + -38. Let a = h + 128. What is the tens digit of a?
4
What is the units digit of 524220/225 - 6/(-45)?
0
Suppose -6*z - 16 = -2*z. Let a(d) = 2*d**3 - 5*d**2 - 3. Let l(p) = -p**3 + p**2 + p + 1. Let v(b) = a(b) + 3*l(b). What is the tens digit of v(z)?
2
Let d(f) = 2*f**2 - 8*f + 4. Let a be d(4). Suppose 0 = -a*i + 2*b + 864, -i - 2*b + 226 = -0*i. What is the tens digit of i?
1
Let m(r) = -3*r + 3. Let y be ((-2)/4)/((-6)/(-144)). Let f = y + 7. What is the units digit of m(f)?
8
Suppose -4*l - q + 90 = 0, -3*l + 5*q + 100 = 2*l. Suppose -l = -5*n + 68. What is the units digit of n?
8
Suppose -w + 2*w + 5 = 0. Suppose 0 = 5*x + x + 36. What is the units digit of ((-2)/x)/(w/(-690))?
6
What is the hundreds digit of (197/2)/(1 + (-15)/20)?
3
Let q be (-10)/(100/6) - 388/(-5). What is the hundreds digit of q/22*(-204)/(-7)?
1
Suppose 5*x - 3*q = 180, 4*x - 3*q - 54 = 93. Let n be x/2 - 1/2. Suppose -v + 51 = t, -n = -v + 2*t + 26. What is the units digit of v?
8
Let y = 1644 + -819. What is the units digit of y?
5
Let u = 127 + -179. What is the tens digit of (u/(-10) - 4)*95?
1
What is the tens digit of 124/(-93)*(-159)/2?
0
Suppose 5*h + 340 = -0*q + 5*q, -3*q = h - 216. Suppose -3*c + 97 = -q. Let m = c - 35. What is the units digit of m?
1
Suppose -2*f + 394 = 2*w - 6*f, 406 = 2*w - f. What is the tens digit of w?
0
Let q(p) = 23*p**3 + 4*p**2 + 3*p + 2. Let s be q(-2). Let g = s - -290. What is the units digit of g?
8
Suppose -13 = 4*r - 57. Suppose -r*n = -6*n - 1015. What is the tens digit of n?
0
Let s be (-20)/(-16)*(3 - -1). Suppose 281 + 114 = s*c. What is the tens digit of c?
7
Let n(u) be the second derivative of -u**5/20 + u**4/12 + u**3/3 - u**2/2 + 10*u. Suppose -5*h - 23 = -8. What is the tens digit of n(h)?
2
Let d(i) = 4*i**2 - 40*i + 21. What is the thousands digit of d(-13)?
1
Let s(v) = -6*v + v**3 + 2 - 4*v**2 + 5 - 1 - 1. What is the units digit of s(6)?
1
Let z = 629 - 250. Suppose 5*k = 3*l + 4*k - 283, z = 4*l - k. What is the tens digit of l?
9
Let m = 32 + -30. Suppose m*i = -2*q + 506, -q - q = 5*i - 491. What is the units digit of q?
8
Let g(n) = 16*n - 1. Let k be g(1). Let o = 17 - k. Suppose -2 - o = -y + 3*f, 4*y - 3*f = 52. What is the units digit of y?
6
Suppose 5*w + 4*p = 5, 6*w + 3*p = 2*w + 3. Let h = w - -14. Let g = h - -17. What is the tens digit of g?
2
Let o(q) = -5*q**2 + 243*q - 29. What is the thousands digit of o(35)?
2
Suppose 13*k = -38*k + 49878. What is the tens digit of k?
7
Suppose -5*b + 4*b + 3 = 0, 0 = -2*x - 3*b + 17. What is the units digit of x - (-98 - -3)*1?
9
Let z = -160 + 166. Let x(m) = -m**2 + 28*m - 17. What is the units digit of x(z)?
5
Let t be 4/18 + 195/(-27). Let o be (-12)/21 + (-123)/t. Suppose -3*j - 2 = -o. What is the units digit of j?
5
Let q(r) = -r**3 - 7*r**2 - 6*r + 2. Let i = 8 - 14. Let x be q(i). Suppose -x*l + 5 = 3*d - 4*d, -5*l = d - 16. What is the units digit of d?
1
Let v be (1 + 5 + -3)/(6/(-4)). What is the units digit of (0 + -1)*-22*(-1)/v?
1
Let m(s) = -4*s - 2. Let r be m(-10). Suppose -2*a - 95 = -5*b + 15, 0 = 2*b - 2*a - r. What is the units digit of b?
4
Let l(a) = -26*a - 325. What is the units digit of l(-24)?
9
Let u be (-161)/(-3) + (-2)/(-6). What is the tens digit of 6*2/(8/u)?
8
Let o(y) = -y**3 - 3*y**2 + 7*y - 16. What is the units digit of o(-8)?
8
Let h(z) = -z**3 - 6*z**2 - z - 3. Let i be h(-6). Suppose -5*b = 4*r - 571, 428 = i*b + b - 4*r. What is the hundreds digit of b?
1
Suppose l - 68 = -3*b + 5*l, 5*l = b - 30. Let k = b - 22. What is the units digit of (-3 + 1)/k*11?
1
Let b = -737 - -1269. What is the tens digit of b?
3
Let a(h) = 32*h**2 + h + 1. Let j be a(-1). Let o be (-36)/5 - j/40. Let p = o - -9. What is the units digit of p?
1
Suppose 8*x = 3*x + z + 3217, 4*x - 2576 = 2*z. What is the units digit of x?
3
Suppose 0 = -18*l - 6*l + 51432. What is the thousands digit of l?
2
Let t = -2271 + 3443. What is the thousands digit of t?
1
Suppose 3*n = -4*f - 25, n + 6 = 2*f + 21. What is the tens digit of (-1 - 2) + f + 41?
3
Suppose -w = -10 - 40. What is the units digit of w?
0
Suppose -6*n + 574 = -5*n - 4*z, -1736 = -3*n - 2*z. What is the tens digit of n?
7
Let d(j) = -4*j + 3106. Let y be d(0). What is the units digit of y/22 - (-2)/(-11)?
1
Suppose 2*m = f + 1, 3*m + f - 13 - 1 = 0. Let p(s) = 23*s - 4*s**3 - 41*s + 20*s + m. What is the units digit of p(-2)?
1
Suppose 0 = -21*c + 6860 + 12481. What is the tens digit of c?
2
Suppose -15*b + 2*c = -18*b + 8932, c = -3*b + 8936. What is the units digit of b?
0
Let l(u) = -4 - 40*u + 3 + 3. Let j be l(2). What is the units digit of ((-2)/6)/(2/j)?
3
Suppose 693 = f - 2*z, 5*z = -3*f - 262 + 2396. What is the hundreds digit of f?
7
What is the tens digit of 32330/55 - (1 + 39/(-33))?
8
What is the tens digit of 97002/85 - 2/10?
4
Let s(u) = u - 9. Let z be s(0). Let v(l) = l**2 + 4*l - 10. Let d be v(z). Suppose -3*k + d = 2*c, -4*c - 35 = -4*k + 3*k. What is the tens digit of k?
1
Let x = -1729 - -4160. What is the units digit of x?
1
Suppose 5*q + 4464 = 8*q + 2*y, 0 = -3*q - 5*y + 4473. What is the hundreds digit of q?
4
Let x = 568 + 1304. What is the tens digit of x?
7
Let s(h) = -h**2 - 5*h - 2. Let v be s(-3). Suppose f = -5*g - 56, 5 + 13 = -2*g + v*f. Let u(w) = -w**2 - 12*w + 14. What is the units digit of u(g)?
5
Let q = 23 - -638. What is the units digit of q?
1
Let t(j) = 259*j + 36. What is the tens digit of t(8)?
0
Let o be 16/(-6)*21/(-14). Suppose 96 = -o*y + 7*y - 4*k, 0 = -2*k. Suppose 0 = -4*g + 80 - y. What is the tens digit of g?
1
What is the tens digit of 2682 + 3 + 77/(-11)?
7
Let c(q) = q**3 + 11*q**2 - 11*q - 14. Let z be c(-12). Let w = 60 + z. What is the units digit of w?
4
Let r = 17 + -12. Suppose -r*k = -0*k - 30. Let q = k + -2. What is the units digit of q?
4
Let f(y) = -30*y + 102. What is the thousands digit of f(-49)?